{"id":1132,"date":"2022-06-03T18:14:48","date_gmt":"2022-06-03T18:14:48","guid":{"rendered":"https:\/\/centrodecompartimiento.org\/web\/?page_id=1132"},"modified":"2022-06-06T18:34:54","modified_gmt":"2022-06-06T18:34:54","slug":"donaciones","status":"publish","type":"page","link":"https:\/\/centrodecompartimiento.org\/web\/donaciones\/","title":{"rendered":"Donaciones"},"content":{"rendered":"\n<div class=\"wp-block-stackable-spacer stk-block-spacer stk--no-padding stk-block stk-055527b\" data-block-id=\"055527b\"><style>.stk-055527b{height:85px !important}<\/style><\/div>\n\n\n\n<div class=\"wp-block-stackable-columns stk-block-columns stk-block stk-9cb5130\" data-block-id=\"9cb5130\"><div class=\"stk-row stk-inner-blocks stk-block-content stk-content-align stk-9cb5130-column\">\n<div class=\"wp-block-stackable-column stk-block-column stk-column stk-block stk-1932abf\" data-block-id=\"1932abf\"><div class=\"stk-column-wrapper stk-block-column__content stk-container stk-1932abf-container stk--no-background stk--no-padding\"><div class=\"stk-block-content stk-inner-blocks\">\n<h4 class=\"alignwide has-text-align-center has-palette-color-1-color has-text-color wp-block-heading\">Tu ayuda es muy importante para seguir.<\/h4>\n\n\n\n<p>Centro de Compartimiento, A.C. es donatario autorizado adelante de SAT en M\u00e9xico y emitimos recibos de donativos para nuestros donantes. Para una donaci\u00f3n en M\u00e9xico favor de hacer un deposito en:<\/p>\n\n\n\n<p><\/p>\n<\/div><\/div><\/div>\n<\/div><\/div>\n\n\n\n<div class=\"wp-block-stackable-columns stk-block-columns stk-block stk-0eb021f\" data-block-id=\"0eb021f\"><div class=\"stk-row stk-inner-blocks stk-block-content stk-content-align stk-0eb021f-column\">\n<div class=\"wp-block-stackable-column stk-block-column stk-column stk-block stk-241a38a\" data-block-id=\"241a38a\"><div class=\"stk-column-wrapper stk-block-column__content stk-container stk-241a38a-container stk--no-background stk--no-padding\"><div class=\"stk-block-content stk-inner-blocks\">\n<div class=\"wp-block-stackable-image stk-block-image stk-block stk-f8cdc1e\" data-block-id=\"f8cdc1e\"><style>.stk-f8cdc1e .stk-img-wrapper{width:60% !important}<\/style><figure class=\"stk-img-wrapper stk-image--shape-stretch\"><img data-recalc-dims=\"1\" fetchpriority=\"high\" decoding=\"async\" class=\"stk-img wp-image-1206\" src=\"https:\/\/i0.wp.com\/centrodecompartimiento.org\/web\/wp-content\/uploads\/2022\/06\/BBVA_Bancomer_logo_2.png?resize=1290%2C372&#038;ssl=1\" width=\"1290\" height=\"372\" srcset=\"https:\/\/i0.wp.com\/centrodecompartimiento.org\/web\/wp-content\/uploads\/2022\/06\/BBVA_Bancomer_logo_2.png?w=4275&amp;ssl=1 4275w, https:\/\/i0.wp.com\/centrodecompartimiento.org\/web\/wp-content\/uploads\/2022\/06\/BBVA_Bancomer_logo_2.png?resize=300%2C86&amp;ssl=1 300w, https:\/\/i0.wp.com\/centrodecompartimiento.org\/web\/wp-content\/uploads\/2022\/06\/BBVA_Bancomer_logo_2.png?resize=1024%2C295&amp;ssl=1 1024w, https:\/\/i0.wp.com\/centrodecompartimiento.org\/web\/wp-content\/uploads\/2022\/06\/BBVA_Bancomer_logo_2.png?resize=768%2C221&amp;ssl=1 768w, https:\/\/i0.wp.com\/centrodecompartimiento.org\/web\/wp-content\/uploads\/2022\/06\/BBVA_Bancomer_logo_2.png?resize=1536%2C443&amp;ssl=1 1536w, https:\/\/i0.wp.com\/centrodecompartimiento.org\/web\/wp-content\/uploads\/2022\/06\/BBVA_Bancomer_logo_2.png?resize=2048%2C590&amp;ssl=1 2048w, https:\/\/i0.wp.com\/centrodecompartimiento.org\/web\/wp-content\/uploads\/2022\/06\/BBVA_Bancomer_logo_2.png?w=2580&amp;ssl=1 2580w, https:\/\/i0.wp.com\/centrodecompartimiento.org\/web\/wp-content\/uploads\/2022\/06\/BBVA_Bancomer_logo_2.png?w=3870&amp;ssl=1 3870w\" sizes=\"(max-width: 1290px) 100vw, 1290px\" \/><\/figure><\/div>\n\n\n\n<p>Centro de Compartiminto, A.C.<br>Interbank CLABE<br>012617001479713971<\/p>\n<\/div><\/div><\/div>\n\n\n\n<div class=\"wp-block-stackable-column stk-block-column stk-column stk-block stk-162bd25\" data-block-id=\"162bd25\"><div class=\"stk-column-wrapper stk-block-column__content stk-container stk-162bd25-container stk--no-background stk--no-padding\"><div class=\"stk-block-content stk-inner-blocks\">\n<div class=\"wp-block-stackable-image stk-block-image stk-block stk-6db5c34\" data-block-id=\"6db5c34\"><style>.stk-6db5c34 .stk-img-wrapper{width:60% !important}<\/style><figure class=\"stk-img-wrapper stk-image--shape-stretch\"><img data-recalc-dims=\"1\" decoding=\"async\" class=\"stk-img wp-image-1207\" src=\"https:\/\/i0.wp.com\/centrodecompartimiento.org\/web\/wp-content\/uploads\/2022\/06\/globalgiving.png?resize=1290%2C372&#038;ssl=1\" width=\"1290\" height=\"372\" srcset=\"https:\/\/i0.wp.com\/centrodecompartimiento.org\/web\/wp-content\/uploads\/2022\/06\/globalgiving.png?w=4275&amp;ssl=1 4275w, https:\/\/i0.wp.com\/centrodecompartimiento.org\/web\/wp-content\/uploads\/2022\/06\/globalgiving.png?resize=300%2C86&amp;ssl=1 300w, https:\/\/i0.wp.com\/centrodecompartimiento.org\/web\/wp-content\/uploads\/2022\/06\/globalgiving.png?resize=1024%2C295&amp;ssl=1 1024w, https:\/\/i0.wp.com\/centrodecompartimiento.org\/web\/wp-content\/uploads\/2022\/06\/globalgiving.png?resize=768%2C221&amp;ssl=1 768w, https:\/\/i0.wp.com\/centrodecompartimiento.org\/web\/wp-content\/uploads\/2022\/06\/globalgiving.png?resize=1536%2C443&amp;ssl=1 1536w, https:\/\/i0.wp.com\/centrodecompartimiento.org\/web\/wp-content\/uploads\/2022\/06\/globalgiving.png?resize=2048%2C590&amp;ssl=1 2048w, https:\/\/i0.wp.com\/centrodecompartimiento.org\/web\/wp-content\/uploads\/2022\/06\/globalgiving.png?w=2580&amp;ssl=1 2580w, https:\/\/i0.wp.com\/centrodecompartimiento.org\/web\/wp-content\/uploads\/2022\/06\/globalgiving.png?w=3870&amp;ssl=1 3870w\" sizes=\"(max-width: 1290px) 100vw, 1290px\" \/><\/figure><\/div>\n\n\n\n<div class=\"wp-block-stackable-button-group stk-block-button-group stk-block stk-d1ab777\" data-block-id=\"d1ab777\"><div class=\"stk-row stk-inner-blocks stk-block-content stk-button-group\">\n<div class=\"wp-block-stackable-button stk-block-button has-text-align-center stk-block stk-c6d9949\" data-block-id=\"c6d9949\"><a class=\"stk-link stk-button stk--hover-effect-darken\" href=\"https:\/\/www.globalgiving.org\/donate\/24487\/centro-de-compartimiento-a-c\/\" target=\"_blank\" rel=\"noreferrer noopener\"><span class=\"stk-button__inner-text\">Donar desde Globalgiving<\/span><\/a><\/div>\n<\/div><\/div>\n<\/div><\/div><\/div>\n<\/div><\/div>\n\n\n\n<div class=\"wp-block-stackable-spacer stk-block-spacer stk--no-padding stk-block stk-e2d1d5c\" data-block-id=\"e2d1d5c\"><style>.stk-e2d1d5c{height:113px !important}<\/style><\/div>\n\n\n\n<div class=\"wp-block-stackable-columns aligncenter stk-block-columns stk-block stk-0122886\" data-block-id=\"0122886\"><div class=\"stk-row stk-inner-blocks stk-block-content stk-content-align stk-0122886-column\">\n<div class=\"wp-block-stackable-column stk-block-column stk-column stk-block stk-f0ad89f\" data-block-id=\"f0ad89f\"><div class=\"stk-column-wrapper stk-block-column__content stk-container stk-f0ad89f-container stk--no-background stk--no-padding\"><div class=\"stk-block-content stk-inner-blocks\">\n<h3 class=\"has-text-align-center wp-block-heading\">Donantes<\/h3>\n<\/div><\/div><\/div>\n<\/div><\/div>\n\n\n\n<div class=\"wp-block-stackable-columns stk-block-columns stk-block stk-10250d1\" data-block-id=\"10250d1\"><div class=\"stk-row stk-inner-blocks stk-block-content stk-content-align stk-10250d1-column\">\n<div class=\"wp-block-stackable-column stk-block-column stk-column stk-block stk-b929cb9\" data-block-id=\"b929cb9\"><div class=\"stk-column-wrapper stk-block-column__content stk-container stk-b929cb9-container stk--no-background stk--no-padding\"><div class=\"stk-block-content stk-inner-blocks\">\n<div class=\"wp-block-stackable-image stk-block-image stk-block stk-9fb0c12\" data-block-id=\"9fb0c12\"><style>.stk-9fb0c12 .stk-img-wrapper{width:80% !important}<\/style><a class=\"stk-link stk-img-wrapper stk-image--shape-stretch\" href=\"https:\/\/fahho.mx\/\" target=\"_blank\" rel=\"noreferrer noopener\"><img data-recalc-dims=\"1\" decoding=\"async\" class=\"stk-img wp-image-1214\" src=\"https:\/\/i0.wp.com\/centrodecompartimiento.org\/web\/wp-content\/uploads\/2022\/06\/fundacion2.png?resize=200%2C86&#038;ssl=1\" width=\"200\" height=\"86\"\/><\/a><\/div>\n<\/div><\/div><\/div>\n\n\n\n<div class=\"wp-block-stackable-column stk-block-column stk-column stk-block stk-64ad90a\" data-block-id=\"64ad90a\"><div class=\"stk-column-wrapper stk-block-column__content stk-container stk-64ad90a-container stk--no-background stk--no-padding\"><div class=\"stk-block-content stk-inner-blocks\">\n<div class=\"wp-block-stackable-image stk-block-image stk-block stk-bcd309c\" data-block-id=\"bcd309c\"><style>.stk-bcd309c .stk-img-wrapper{width:80% !important}<\/style><a class=\"stk-link stk-img-wrapper stk-image--shape-stretch\" href=\"https:\/\/broetjefamilytrust.org\/\" target=\"_blank\" rel=\"noreferrer noopener\"><img data-recalc-dims=\"1\" loading=\"lazy\" decoding=\"async\" class=\"stk-img wp-image-1215\" src=\"https:\/\/i0.wp.com\/centrodecompartimiento.org\/web\/wp-content\/uploads\/2022\/06\/broetje.png?resize=200%2C86&#038;ssl=1\" width=\"200\" height=\"86\"\/><\/a><\/div>\n<\/div><\/div><\/div>\n\n\n\n<div class=\"wp-block-stackable-column stk-block-column stk-column stk-block stk-6d85b90\" data-block-id=\"6d85b90\"><div class=\"stk-column-wrapper stk-block-column__content stk-container stk-6d85b90-container stk--no-background stk--no-padding\"><div class=\"stk-block-content stk-inner-blocks\">\n<div class=\"wp-block-stackable-image stk-block-image stk-block stk-904a22c\" data-block-id=\"904a22c\"><style>.stk-904a22c .stk-img-wrapper{width:80% !important}<\/style><a class=\"stk-link stk-img-wrapper stk-image--shape-stretch\" href=\"https:\/\/recl.org\/\" target=\"_blank\" rel=\"noreferrer noopener\"><img data-recalc-dims=\"1\" loading=\"lazy\" decoding=\"async\" class=\"stk-img wp-image-1216\" src=\"https:\/\/i0.wp.com\/centrodecompartimiento.org\/web\/wp-content\/uploads\/2022\/06\/fundacion3.png?resize=200%2C86&#038;ssl=1\" width=\"200\" height=\"86\"\/><\/a><\/div>\n<\/div><\/div><\/div>\n\n\n\n<div class=\"wp-block-stackable-column stk-block-column stk-column stk-block stk-0f5f946\" data-block-id=\"0f5f946\"><div class=\"stk-column-wrapper stk-block-column__content stk-container stk-0f5f946-container stk--no-background stk--no-padding\"><div class=\"stk-block-content stk-inner-blocks\">\n<div class=\"wp-block-stackable-image stk-block-image stk-block stk-a856519\" data-block-id=\"a856519\"><style>.stk-a856519 .stk-img-wrapper{width:80% !important}<\/style><a class=\"stk-link stk-img-wrapper stk-image--shape-stretch\" href=\"https:\/\/rotary4195.org\/\" target=\"_blank\" rel=\"noreferrer noopener\"><img data-recalc-dims=\"1\" loading=\"lazy\" decoding=\"async\" class=\"stk-img wp-image-1219\" src=\"https:\/\/i0.wp.com\/centrodecompartimiento.org\/web\/wp-content\/uploads\/2022\/06\/fundacion5.png?resize=200%2C86&#038;ssl=1\" width=\"200\" height=\"86\"\/><\/a><\/div>\n<\/div><\/div><\/div>\n\n\n\n<div class=\"wp-block-stackable-column stk-block-column stk-column stk-block stk-1a993a7\" data-block-id=\"1a993a7\"><div class=\"stk-column-wrapper stk-block-column__content stk-container stk-1a993a7-container stk--no-background stk--no-padding\"><div class=\"stk-block-content stk-inner-blocks\">\n<div class=\"wp-block-stackable-image stk-block-image stk-block stk-aac19a3\" data-block-id=\"aac19a3\"><style>.stk-aac19a3 .stk-img-wrapper{width:80% !important}<\/style><a class=\"stk-link stk-img-wrapper stk-image--shape-stretch\" href=\"http:\/\/www.sorianafundacion.com\/\" target=\"_blank\" rel=\"noreferrer noopener\"><img data-recalc-dims=\"1\" loading=\"lazy\" decoding=\"async\" class=\"stk-img wp-image-1218\" src=\"https:\/\/i0.wp.com\/centrodecompartimiento.org\/web\/wp-content\/uploads\/2022\/06\/fundacion.png?resize=200%2C86&#038;ssl=1\" width=\"200\" height=\"86\"\/><\/a><\/div>\n<\/div><\/div><\/div>\n<\/div><\/div>\n\n\n\n<div class=\"wp-block-stackable-spacer stk-block-spacer stk--no-padding stk-block stk-1557304\" data-block-id=\"1557304\"><style>.stk-1557304{height:123px !important}<\/style><\/div>\n","protected":false},"excerpt":{"rendered":"<p>Tu ayuda es muy importante para seguir. Centro de Compartimiento, A.C. es donatario autorizado adelante de SAT en M\u00e9xico y emitimos recibos de donativos para nuestros donantes. Para una donaci\u00f3n en M\u00e9xico favor de hacer un deposito en: Centro de Compartiminto, A.C.Interbank CLABE012617001479713971 Donar desde Globalgiving Donantes<\/p>\n","protected":false},"author":1,"featured_media":224,"parent":0,"menu_order":0,"comment_status":"closed","ping_status":"closed","template":"","meta":{"content-type":"","footnotes":""},"class_list":["post-1132","page","type-page","status-publish","has-post-thumbnail","hentry"],"blocksy_meta":{"styles_descriptor":{"styles":{"desktop":"","tablet":"","mobile":""},"google_fonts":[],"version":5}},"jetpack_sharing_enabled":true,"brizy_media":[],"_links":{"self":[{"href":"https:\/\/centrodecompartimiento.org\/web\/wp-json\/wp\/v2\/pages\/1132","targetHints":{"allow":["GET"]}}],"collection":[{"href":"https:\/\/centrodecompartimiento.org\/web\/wp-json\/wp\/v2\/pages"}],"about":[{"href":"https:\/\/centrodecompartimiento.org\/web\/wp-json\/wp\/v2\/types\/page"}],"author":[{"embeddable":true,"href":"https:\/\/centrodecompartimiento.org\/web\/wp-json\/wp\/v2\/users\/1"}],"replies":[{"embeddable":true,"href":"https:\/\/centrodecompartimiento.org\/web\/wp-json\/wp\/v2\/comments?post=1132"}],"version-history":[{"count":5,"href":"https:\/\/centrodecompartimiento.org\/web\/wp-json\/wp\/v2\/pages\/1132\/revisions"}],"predecessor-version":[{"id":1225,"href":"https:\/\/centrodecompartimiento.org\/web\/wp-json\/wp\/v2\/pages\/1132\/revisions\/1225"}],"wp:featuredmedia":[{"embeddable":true,"href":"https:\/\/centrodecompartimiento.org\/web\/wp-json\/wp\/v2\/media\/224"}],"wp:attachment":[{"href":"https:\/\/centrodecompartimiento.org\/web\/wp-json\/wp\/v2\/media?parent=1132"}],"curies":[{"name":"wp","href":"https:\/\/api.w.org\/{rel}","templated":true}]}}