{"id":658,"date":"2022-02-20T05:44:47","date_gmt":"2022-02-20T05:44:47","guid":{"rendered":"https:\/\/demo.creativethemes.com\/stagingthree\/?page_id=658"},"modified":"2022-06-03T15:55:06","modified_gmt":"2022-06-03T15:55:06","slug":"contacto","status":"publish","type":"page","link":"https:\/\/centrodecompartimiento.org\/web\/contacto\/","title":{"rendered":"Contacto"},"content":{"rendered":"\n<div class=\"wp-block-stackable-spacer stk-block-spacer stk--no-padding stk-block stk-6090630\" data-block-id=\"6090630\"><style>.stk-6090630{height:130px !important}@media screen and (max-width:999px){.stk-6090630{height:80px !important}}<\/style><\/div>\n\n\n\n<div class=\"wp-block-stackable-heading stk-block-heading stk-block stk-41f6f5a\" id=\"informacion-de-contacto\" data-block-id=\"41f6f5a\"><style>.stk-41f6f5a{margin-bottom:7px !important}.stk-41f6f5a .stk-block-heading__text{margin:0 !important;line-height:1.2em !important}<\/style><h2 class=\"stk-block-heading__text has-text-align-center\">Informaci\u00f3n de contacto<\/h2><\/div>\n\n\n\n<div class=\"wp-block-stackable-text stk-block-text stk-block stk-8e78d5e\" data-block-id=\"8e78d5e\"><style>.stk-8e78d5e{margin-bottom:0px !important}<\/style><p class=\"stk-block-text__text has-text-align-center\">Informaci\u00f3n general de contacto CDC<\/p><\/div>\n\n\n\n<div class=\"wp-block-stackable-spacer stk-block-spacer stk--no-padding stk-block stk-54e71a5\" data-block-id=\"54e71a5\"><style>.stk-54e71a5{height:70px !important}@media screen and (max-width:999px){.stk-54e71a5{height:50px !important}}<\/style><\/div>\n\n\n\n<div class=\"wp-block-stackable-columns stk-block-columns stk-block stk-a5bc981\" data-block-id=\"a5bc981\"><style>.stk-a5bc981{margin-bottom:0px !important}.stk-a5bc981-column{--stk-column-gap:35px !important;row-gap:50px !important}<\/style><div class=\"stk-row stk-inner-blocks stk-block-content stk-content-align stk-a5bc981-column\">\n<div class=\"wp-block-stackable-column stk-block-column stk-column stk-block stk-622c7a4 stk-block-background\" data-block-id=\"622c7a4\"><style>.stk-622c7a4{background-color:var(--paletteColor8,#ffffff) !important}.stk-622c7a4:before{background-color:var(--paletteColor8,#ffffff) !important}.stk-622c7a4{border-radius:12px !important;overflow:hidden !important;box-shadow:0px 20px 80px 0px rgba(104,114,121,0.1) !important}.stk-622c7a4{padding-top:35px !important;padding-right:35px !important;padding-bottom:50px !important;padding-left:35px !important}@media screen and (max-width:999px){.stk-622c7a4{padding-top:35px !important;padding-right:35px !important;padding-bottom:35px !important;padding-left:35px !important}}.stk-622c7a4-container{margin-top:0px !important;margin-right:0px !important;margin-bottom:0px !important;margin-left:0px !important}<\/style><div class=\"stk-column-wrapper stk-block-column__content stk-container stk-622c7a4-container stk--no-background stk--no-padding\"><div class=\"has-text-align-center stk-block-content stk-inner-blocks\">\n<div class=\"wp-block-stackable-icon stk-block-icon has-text-align-center stk-block stk-ea85267\" data-block-id=\"ea85267\"><style>.stk-ea85267{margin-bottom:25px !important}.stk-ea85267 .stk--svg-wrapper .stk--inner-svg svg:last-child{height:30px !important;width:30px !important}.stk-ea85267 .stk--svg-wrapper .stk--inner-svg svg:last-child,.stk-ea85267 .stk--svg-wrapper .stk--inner-svg svg:last-child :is(g,path,rect,polygon,ellipse){fill:#ec8cdc !important}<\/style><span class=\"stk--svg-wrapper\"><div class=\"stk--inner-svg\"><svg style=\"height:0;width:0\"><defs><linearGradient id=\"linear-gradient-ea85267\" x1=\"0\" x2=\"100%\" y1=\"0\" y2=\"0\"><stop offset=\"0%\" style=\"stop-opacity:1;stop-color:var(--linear-gradient-ea-85267-color-1)\"><\/stop><stop offset=\"100%\" style=\"stop-opacity:1;stop-color:var(--linear-gradient-ea-85267-color-2)\"><\/stop><\/linearGradient><\/defs><\/svg><svg aria-hidden=\"true\" focusable=\"false\" data-prefix=\"fas\" data-icon=\"map-marker-alt\" class=\"svg-inline--fa fa-map-marker-alt fa-w-12\" xmlns=\"http:\/\/www.w3.org\/2000\/svg\" viewBox=\"0 0 384 512\" width=\"32\" height=\"32\"><path fill=\"currentColor\" d=\"M172.268 501.67C26.97 291.031 0 269.413 0 192 0 85.961 85.961 0 192 0s192 85.961 192 192c0 77.413-26.97 99.031-172.268 309.67-9.535 13.774-29.93 13.773-39.464 0zM192 272c44.183 0 80-35.817 80-80s-35.817-80-80-80-80 35.817-80 80 35.817 80 80 80z\"><\/path><\/svg><\/div><\/span><\/div>\n\n\n\n<div class=\"wp-block-stackable-heading stk-block-heading stk-block stk-592ef48\" id=\"direccion\" data-block-id=\"592ef48\"><style>.stk-592ef48{margin-bottom:8px !important}.stk-592ef48 .stk-block-heading__text{margin:0 !important}<\/style><h5 class=\"stk-block-heading__text\">Direcci\u00f3n<\/h5><\/div>\n\n\n\n<p class=\"has-text-align-center\">Av. \u00c1lvaro Obreg\u00f3n #40. 2a. Secci\u00f3n. Juchit\u00e1n de Zaragoza, Oaxaca.<\/p>\n<\/div><\/div><\/div>\n\n\n\n<div class=\"wp-block-stackable-column stk-block-column stk-column stk-block stk-92b5a22 stk-block-background\" data-block-id=\"92b5a22\"><style>.stk-92b5a22{background-color:var(--paletteColor8,#ffffff) !important}.stk-92b5a22:before{background-color:var(--paletteColor8,#ffffff) !important}.stk-92b5a22{border-radius:12px !important;overflow:hidden !important;box-shadow:0px 20px 80px 0px rgba(104,114,121,0.1) !important}.stk-92b5a22{padding-top:35px !important;padding-right:35px !important;padding-bottom:50px !important;padding-left:35px !important}@media screen and (max-width:999px){.stk-92b5a22{padding-top:35px !important;padding-right:35px !important;padding-bottom:35px !important;padding-left:35px !important}}.stk-92b5a22-container{margin-top:0px !important;margin-right:0px !important;margin-bottom:0px !important;margin-left:0px !important}<\/style><div class=\"stk-column-wrapper stk-block-column__content stk-container stk-92b5a22-container stk--no-background stk--no-padding\"><div class=\"has-text-align-center stk-block-content stk-inner-blocks\">\n<div class=\"wp-block-stackable-icon stk-block-icon has-text-align-center stk-block stk-d34828e\" data-block-id=\"d34828e\"><style>.stk-d34828e{margin-bottom:25px !important}.stk-d34828e .stk--svg-wrapper .stk--inner-svg svg:last-child{height:30px !important;width:30px !important}.stk-d34828e .stk--svg-wrapper .stk--inner-svg svg:last-child,.stk-d34828e .stk--svg-wrapper .stk--inner-svg svg:last-child :is(g,path,rect,polygon,ellipse){fill:#ec8cdc !important}<\/style><span class=\"stk--svg-wrapper\"><div class=\"stk--inner-svg\"><svg style=\"height:0;width:0\"><defs><linearGradient id=\"linear-gradient-d34828e\" x1=\"0\" x2=\"100%\" y1=\"0\" y2=\"0\"><stop offset=\"0%\" style=\"stop-opacity:1;stop-color:var(--linear-gradient-d-34828-e-color-1)\"><\/stop><stop offset=\"100%\" style=\"stop-opacity:1;stop-color:var(--linear-gradient-d-34828-e-color-2)\"><\/stop><\/linearGradient><\/defs><\/svg><svg aria-hidden=\"true\" focusable=\"false\" data-prefix=\"fas\" data-icon=\"clock\" class=\"svg-inline--fa fa-clock fa-w-16\" xmlns=\"http:\/\/www.w3.org\/2000\/svg\" viewBox=\"0 0 512 512\" width=\"32\" height=\"32\"><path fill=\"currentColor\" d=\"M256,8C119,8,8,119,8,256S119,504,256,504,504,393,504,256,393,8,256,8Zm92.49,313h0l-20,25a16,16,0,0,1-22.49,2.5h0l-67-49.72a40,40,0,0,1-15-31.23V112a16,16,0,0,1,16-16h32a16,16,0,0,1,16,16V256l58,42.5A16,16,0,0,1,348.49,321Z\"><\/path><\/svg><\/div><\/span><\/div>\n\n\n\n<div class=\"wp-block-stackable-heading stk-block-heading stk-block stk-9334345\" id=\"horarios-de-oficina\" data-block-id=\"9334345\"><style>.stk-9334345{margin-bottom:8px !important}.stk-9334345 .stk-block-heading__text{margin:0 !important}<\/style><h5 class=\"stk-block-heading__text\">Horarios de oficina<\/h5><\/div>\n\n\n\n<p class=\"has-text-align-center\">Lunes a S\u00e1bado: 7am &#8211; 7pm<br>Domingo: No laboramos<\/p>\n<\/div><\/div><\/div>\n\n\n\n<div class=\"wp-block-stackable-column stk-block-column stk-column stk-block stk-5dedb98 stk-block-background\" data-block-id=\"5dedb98\"><style>.stk-5dedb98{background-color:var(--paletteColor8,#ffffff) !important}.stk-5dedb98:before{background-color:var(--paletteColor8,#ffffff) !important}.stk-5dedb98{border-radius:12px !important;overflow:hidden !important;box-shadow:0px 20px 80px 0px rgba(104,114,121,0.1) !important}.stk-5dedb98{padding-top:35px !important;padding-right:35px !important;padding-bottom:50px !important;padding-left:35px !important}@media screen and (max-width:999px){.stk-5dedb98{padding-top:35px !important;padding-right:35px !important;padding-bottom:35px !important;padding-left:35px !important}}.stk-5dedb98-container{margin-top:0px !important;margin-right:0px !important;margin-bottom:0px !important;margin-left:0px !important}<\/style><div class=\"stk-column-wrapper stk-block-column__content stk-container stk-5dedb98-container stk--no-background stk--no-padding\"><div class=\"has-text-align-center stk-block-content stk-inner-blocks\">\n<div class=\"wp-block-stackable-icon stk-block-icon has-text-align-center stk-block stk-a02b7b8\" data-block-id=\"a02b7b8\"><style>.stk-a02b7b8{margin-bottom:25px !important}.stk-a02b7b8 .stk--svg-wrapper .stk--inner-svg svg:last-child{height:30px !important;width:30px !important}.stk-a02b7b8 .stk--svg-wrapper .stk--inner-svg svg:last-child,.stk-a02b7b8 .stk--svg-wrapper .stk--inner-svg svg:last-child :is(g,path,rect,polygon,ellipse){fill:#ec8cdc !important}<\/style><span class=\"stk--svg-wrapper\"><div class=\"stk--inner-svg\"><svg style=\"height:0;width:0\"><defs><linearGradient id=\"linear-gradient-a02b7b8\" x1=\"0\" x2=\"100%\" y1=\"0\" y2=\"0\"><stop offset=\"0%\" style=\"stop-opacity:1;stop-color:var(--linear-gradient-a-02-b-7-b-8-color-1)\"><\/stop><stop offset=\"100%\" style=\"stop-opacity:1;stop-color:var(--linear-gradient-a-02-b-7-b-8-color-2)\"><\/stop><\/linearGradient><\/defs><\/svg><svg aria-hidden=\"true\" focusable=\"false\" data-prefix=\"fas\" data-icon=\"mobile\" class=\"svg-inline--fa fa-mobile fa-w-10\" xmlns=\"http:\/\/www.w3.org\/2000\/svg\" viewBox=\"0 0 320 512\" width=\"32\" height=\"32\"><path fill=\"currentColor\" d=\"M272 0H48C21.5 0 0 21.5 0 48v416c0 26.5 21.5 48 48 48h224c26.5 0 48-21.5 48-48V48c0-26.5-21.5-48-48-48zM160 480c-17.7 0-32-14.3-32-32s14.3-32 32-32 32 14.3 32 32-14.3 32-32 32z\"><\/path><\/svg><\/div><\/span><\/div>\n\n\n\n<div class=\"wp-block-stackable-heading stk-block-heading stk-block stk-583731d\" id=\"telefonos\" data-block-id=\"583731d\"><style>.stk-583731d{margin-bottom:8px !important}.stk-583731d .stk-block-heading__text{margin:0 !important}<\/style><h5 class=\"stk-block-heading__text\">Tel\u00e9fonos<\/h5><\/div>\n\n\n\n<p class=\"has-text-align-center\">+52 971 104 1169<\/p>\n\n\n\n<p class=\"has-text-align-center\">+52 971 155 7863<br><\/p>\n<\/div><\/div><\/div>\n<\/div><\/div>\n\n\n\n<div class=\"wp-block-stackable-spacer stk-block-spacer stk--no-padding stk-block stk-6a8268d\" data-block-id=\"6a8268d\"><style>.stk-6a8268d{height:130px !important}@media screen and (max-width:999px){.stk-6a8268d{height:80px !important}}<\/style><\/div>\n\n\n\t\t<div\n            id=\"wpmapblock_73ef6547\"\n            data-settings='{&quot;map_marker&quot;:[{&quot;lat&quot;:&quot;16.437242843088&quot;,&quot;lng&quot;:&quot;-95.013488531113&quot;,&quot;title&quot;:&quot;Centro de compartimiento&quot;,&quot;content&quot;:&quot;&quot;,&quot;iconType&quot;:&quot;default&quot;,&quot;customIconUrl&quot;:&quot;&quot;,&quot;customIconWidth&quot;:&quot;25&quot;,&quot;customIconHeight&quot;:&quot;40&quot;}],&quot;map_zoom&quot;:&quot;18&quot;,&quot;scroll_wheel_zoom&quot;:false,&quot;map_type&quot;:&quot;GM&quot;,&quot;center_index&quot;:0}'\n            class=\"wpmapblockrender\"\n            style=\"\n\t\t\twidth: 100%;\n\t\t\theight: 500px;\n\t\t\"\n            >\n        <\/div>\n        \n\n\n<div class=\"wp-block-stackable-spacer stk-block-spacer stk--no-padding stk-block stk-f3734e9\" data-block-id=\"f3734e9\"><\/div>\n\n\n\n<div class=\"wp-block-stackable-heading stk-block-heading stk-block stk-45e6a53\" id=\"formulario-de-contacto-rapido\" data-block-id=\"45e6a53\"><style>.stk-45e6a53{margin-bottom:16px !important}.stk-45e6a53 .stk-block-heading__text{margin:0 !important;line-height:1.2em !important}<\/style><h2 class=\"stk-block-heading__text has-text-align-center\">Formulario de contacto r\u00e1pido<\/h2><\/div>\n\n\n\n<div class=\"wp-block-stackable-spacer stk-block-spacer stk--no-padding stk-block stk-0285952\" data-block-id=\"0285952\"><style>.stk-0285952{height:31px !important}@media screen and (max-width:999px){.stk-0285952{height:50px !important}}<\/style><\/div>\n\n\n\n<div class=\"wp-block-stackable-columns stk-block-columns stk-block stk-0d2d598\" data-block-id=\"0d2d598\"><style>.stk-0d2d598{margin-bottom:0px !important}<\/style><div class=\"stk-row stk-inner-blocks stk-block-content stk-content-align stk-0d2d598-column\">\n<div class=\"wp-block-stackable-column stk-block-column stk-column stk-block stk-1bf830e\" data-block-id=\"1bf830e\"><style>.stk-1bf830e .stk-block-column__content{max-width:750px !important;min-width:auto !important;margin-right:auto !important;margin-left:auto !important}.stk-1bf830e-container{margin-top:0px !important;margin-right:0px !important;margin-bottom:0px !important;margin-left:0px !important}<\/style><div class=\"stk-column-wrapper stk-block-column__content stk-container stk-1bf830e-container stk--no-background stk--no-padding\"><div class=\"stk-block-content stk-inner-blocks\"><div class=\"wpforms-container ct-wpforms\" id=\"wpforms-485\"><form id=\"wpforms-form-485\" class=\"wpforms-validate wpforms-form\" data-formid=\"485\" method=\"post\" enctype=\"multipart\/form-data\" action=\"\/web\/wp-json\/wp\/v2\/pages\/658\" data-token=\"a5f74393c3e6051e1443f1f4c3162035\"><noscript class=\"wpforms-error-noscript\">Por favor, activa JavaScript en tu navegador para completar este formulario.<\/noscript><div class=\"wpforms-field-container\"><div id=\"wpforms-485-field_0-container\" class=\"wpforms-field wpforms-field-name\" data-field-id=\"0\"><label class=\"wpforms-field-label\" for=\"wpforms-485-field_0\">Nombre <span class=\"wpforms-required-label\">*<\/span><\/label><input type=\"text\" id=\"wpforms-485-field_0\" class=\"wpforms-field-large wpforms-field-required\" name=\"wpforms[fields][0]\" required><\/div><div id=\"wpforms-485-field_1-container\" class=\"wpforms-field wpforms-field-email\" data-field-id=\"1\"><label class=\"wpforms-field-label\" for=\"wpforms-485-field_1\">Email <span class=\"wpforms-required-label\">*<\/span><\/label><input type=\"email\" id=\"wpforms-485-field_1\" class=\"wpforms-field-large wpforms-field-required\" name=\"wpforms[fields][1]\" required><\/div><div id=\"wpforms-485-field_3-container\" class=\"wpforms-field wpforms-field-text\" data-field-id=\"3\"><label class=\"wpforms-field-label\" for=\"wpforms-485-field_3\">Tema <span class=\"wpforms-required-label\">*<\/span><\/label><input type=\"text\" id=\"wpforms-485-field_3\" class=\"wpforms-field-large wpforms-field-required\" name=\"wpforms[fields][3]\" required><\/div><div id=\"wpforms-485-field_2-container\" class=\"wpforms-field wpforms-field-textarea\" data-field-id=\"2\"><label class=\"wpforms-field-label\" for=\"wpforms-485-field_2\">Mensaje <span class=\"wpforms-required-label\">*<\/span><\/label><textarea id=\"wpforms-485-field_2\" class=\"wpforms-field-medium wpforms-field-required\" name=\"wpforms[fields][2]\" required><\/textarea><\/div><\/div><div class=\"wpforms-field wpforms-field-hp\"><label for=\"wpforms-485-field-hp\" class=\"wpforms-field-label\">Email<\/label><input type=\"text\" name=\"wpforms[hp]\" id=\"wpforms-485-field-hp\" class=\"wpforms-field-medium\"><\/div><div class=\"wpforms-submit-container\"><input type=\"hidden\" name=\"wpforms[id]\" value=\"485\"><input type=\"hidden\" name=\"wpforms[author]\" value=\"1\"><button type=\"submit\" name=\"wpforms[submit]\" id=\"wpforms-submit-485\" class=\"wpforms-submit\" data-alt-text=\"Enviando...\" data-submit-text=\"Enviar\" aria-live=\"assertive\" value=\"wpforms-submit\">Enviar<\/button><\/div><\/form><\/div>  <!-- .wpforms-container --><\/div><\/div><\/div>\n<\/div><\/div>\n\n\n\n<div class=\"wp-block-stackable-spacer stk-block-spacer stk--no-padding stk-block stk-448670c\" data-block-id=\"448670c\"><style>.stk-448670c{height:100px !important}@media screen and (max-width:999px){.stk-448670c{height:80px !important}}<\/style><\/div>\n","protected":false},"excerpt":{"rendered":"<p>Informaci\u00f3n de contacto Informaci\u00f3n general de contacto CDC Direcci\u00f3n Av. \u00c1lvaro Obreg\u00f3n #40. 2a. Secci\u00f3n. Juchit\u00e1n de Zaragoza, Oaxaca. Horarios de oficina Lunes a S\u00e1bado: 7am &#8211; 7pmDomingo: No laboramos Tel\u00e9fonos +52 971 104 1169 +52 971 155 7863 Formulario de contacto r\u00e1pido<\/p>\n","protected":false},"author":1,"featured_media":1106,"parent":0,"menu_order":0,"comment_status":"closed","ping_status":"closed","template":"","meta":{"content-type":"","footnotes":""},"class_list":["post-658","page","type-page","status-publish","has-post-thumbnail","hentry"],"blocksy_meta":{"styles_descriptor":{"styles":{"desktop":"","tablet":"","mobile":""},"google_fonts":[],"version":5}},"jetpack_sharing_enabled":true,"brizy_media":[],"_links":{"self":[{"href":"https:\/\/centrodecompartimiento.org\/web\/wp-json\/wp\/v2\/pages\/658","targetHints":{"allow":["GET"]}}],"collection":[{"href":"https:\/\/centrodecompartimiento.org\/web\/wp-json\/wp\/v2\/pages"}],"about":[{"href":"https:\/\/centrodecompartimiento.org\/web\/wp-json\/wp\/v2\/types\/page"}],"author":[{"embeddable":true,"href":"https:\/\/centrodecompartimiento.org\/web\/wp-json\/wp\/v2\/users\/1"}],"replies":[{"embeddable":true,"href":"https:\/\/centrodecompartimiento.org\/web\/wp-json\/wp\/v2\/comments?post=658"}],"version-history":[{"count":5,"href":"https:\/\/centrodecompartimiento.org\/web\/wp-json\/wp\/v2\/pages\/658\/revisions"}],"predecessor-version":[{"id":1112,"href":"https:\/\/centrodecompartimiento.org\/web\/wp-json\/wp\/v2\/pages\/658\/revisions\/1112"}],"wp:featuredmedia":[{"embeddable":true,"href":"https:\/\/centrodecompartimiento.org\/web\/wp-json\/wp\/v2\/media\/1106"}],"wp:attachment":[{"href":"https:\/\/centrodecompartimiento.org\/web\/wp-json\/wp\/v2\/media?parent=658"}],"curies":[{"name":"wp","href":"https:\/\/api.w.org\/{rel}","templated":true}]}}